{"id":267,"date":"2021-06-17T02:02:00","date_gmt":"2021-06-17T02:02:00","guid":{"rendered":"https:\/\/httt.uit.edu.vn\/aisc\/?page_id=267"},"modified":"2025-09-13T06:40:57","modified_gmt":"2025-09-13T06:40:57","slug":"danh-cho-thi-sinh","status":"publish","type":"page","link":"https:\/\/httt.uit.edu.vn\/aisc\/danh-cho-thi-sinh\/","title":{"rendered":"AISC &#8211; D\u00e0nh cho th\u00ed sinh"},"content":{"rendered":"\t\t<div data-elementor-type=\"wp-page\" data-elementor-id=\"267\" class=\"elementor elementor-267\" data-elementor-settings=\"[]\">\n\t\t\t\t\t\t\t<div class=\"elementor-section-wrap\">\n\t\t\t\t\t\t\t<section class=\"elementor-section elementor-top-section elementor-element elementor-element-43c3236 elementor-section-full_width elementor-section-height-default elementor-section-height-default\" data-id=\"43c3236\" data-element_type=\"section\">\n\t\t\t\t\t\t<div class=\"elementor-container elementor-column-gap-default\">\n\t\t\t\t\t<div class=\"elementor-column elementor-col-100 elementor-top-column elementor-element elementor-element-3415a52\" data-id=\"3415a52\" data-element_type=\"column\">\n\t\t\t<div class=\"elementor-widget-wrap elementor-element-populated\">\n\t\t\t\t\t\t\t\t<div class=\"elementor-element elementor-element-02914ec elementor-widget elementor-widget-image\" data-id=\"02914ec\" data-element_type=\"widget\" data-widget_type=\"image.default\">\n\t\t\t\t<div class=\"elementor-widget-container\">\n\t\t\t\t\t\t\t\t\t\t\t\t\t\t\t<img width=\"1958\" height=\"745\" src=\"https:\/\/httt.uit.edu.vn\/aisc\/wp-content\/uploads\/2024\/08\/Artboard-1Anh-Bia-AISC.png\" class=\"attachment-2048x2048 size-2048x2048\" alt=\"\" loading=\"lazy\" srcset=\"https:\/\/httt.uit.edu.vn\/aisc\/wp-content\/uploads\/2024\/08\/Artboard-1Anh-Bia-AISC.png 1958w, https:\/\/httt.uit.edu.vn\/aisc\/wp-content\/uploads\/2024\/08\/Artboard-1Anh-Bia-AISC-300x114.png 300w, https:\/\/httt.uit.edu.vn\/aisc\/wp-content\/uploads\/2024\/08\/Artboard-1Anh-Bia-AISC-1024x390.png 1024w, https:\/\/httt.uit.edu.vn\/aisc\/wp-content\/uploads\/2024\/08\/Artboard-1Anh-Bia-AISC-768x292.png 768w, https:\/\/httt.uit.edu.vn\/aisc\/wp-content\/uploads\/2024\/08\/Artboard-1Anh-Bia-AISC-1536x584.png 1536w\" sizes=\"(max-width: 1958px) 100vw, 1958px\" \/>\t\t\t\t\t\t\t\t\t\t\t\t\t\t\t<\/div>\n\t\t\t\t<\/div>\n\t\t\t\t\t<\/div>\n\t\t<\/div>\n\t\t\t\t\t\t\t<\/div>\n\t\t<\/section>\n\t\t\t\t<section class=\"elementor-section elementor-top-section elementor-element elementor-element-4bb92a4 elementor-section-boxed elementor-section-height-default elementor-section-height-default\" data-id=\"4bb92a4\" data-element_type=\"section\">\n\t\t\t\t\t\t<div class=\"elementor-container elementor-column-gap-default\">\n\t\t\t\t\t<div class=\"elementor-column elementor-col-100 elementor-top-column elementor-element elementor-element-de7ee97\" data-id=\"de7ee97\" data-element_type=\"column\">\n\t\t\t<div class=\"elementor-widget-wrap elementor-element-populated\">\n\t\t\t\t\t\t\t\t<div class=\"elementor-element elementor-element-b564c64 elementor-widget elementor-widget-heading\" data-id=\"b564c64\" data-element_type=\"widget\" data-widget_type=\"heading.default\">\n\t\t\t\t<div class=\"elementor-widget-container\">\n\t\t\t<h2 class=\"elementor-heading-title elementor-size-default\">D\u00c0NH CHO TH\u00cd SINH<\/h2>\t\t<\/div>\n\t\t\t\t<\/div>\n\t\t\t\t<div class=\"elementor-element elementor-element-04b584f elementor-widget elementor-widget-text-editor\" data-id=\"04b584f\" data-element_type=\"widget\" data-widget_type=\"text-editor.default\">\n\t\t\t\t<div class=\"elementor-widget-container\">\n\t\t\t\t\t\t\t\t<h3 style=\"text-align: center;\"><strong>\u0110\u1ed0I T\u01af\u1ee2NG THAM GIA CU\u1ed8C THI<\/strong><\/h3><ul><li style=\"font-size: 20px;\"><p>Sinh vi\u00ean \u0111ang h\u1ecdc t\u1ea1i Tr\u01b0\u1eddng \u0110H C\u00f4ng ngh\u1ec7 Th\u00f4ng tin &#8211; \u0110HQG HCM.\u00a0<\/p><\/li><li><p>Sinh vi\u00ean thu\u1ed9c c\u00e1c ng\u00e0nh h\u1ecdc li\u00ean quan \u0111\u1ebfn H\u1ec7 th\u1ed1ng Th\u00f4ng tin, Th\u01b0\u01a1ng m\u1ea1i \u0111i\u1ec7n t\u1eed t\u1ea1i c\u00e1c tr\u01b0\u1eddng kh\u00e1c t\u1ea1i Tp. H\u1ed3 Ch\u00ed Minh.<\/p><\/li><\/ul><h3 style=\"text-align: center;\"><\/h3>\t\t\t\t\t\t<\/div>\n\t\t\t\t<\/div>\n\t\t\t\t<div class=\"elementor-element elementor-element-0dd73c2 elementor-button-success elementor-align-center elementor-widget elementor-widget-button\" data-id=\"0dd73c2\" data-element_type=\"widget\" data-widget_type=\"button.default\">\n\t\t\t\t<div class=\"elementor-widget-container\">\n\t\t\t\t\t<div class=\"elementor-button-wrapper\">\n\t\t\t<a href=\"https:\/\/link.uit.edu.vn\/AISC2025\" target=\"_blank\" class=\"elementor-button-link elementor-button elementor-size-xl\" role=\"button\">\n\t\t\t\t\t\t<span class=\"elementor-button-content-wrapper\">\n\t\t\t\t\t\t<span class=\"elementor-button-icon elementor-align-icon-left\">\n\t\t\t\t<i aria-hidden=\"true\" class=\"fas fa-sign-in-alt\"><\/i>\t\t\t<\/span>\n\t\t\t\t\t\t<span class=\"elementor-button-text\">\u0110\u0102NG K\u00dd NGAY<\/span>\n\t\t<\/span>\n\t\t\t\t\t<\/a>\n\t\t<\/div>\n\t\t\t\t<\/div>\n\t\t\t\t<\/div>\n\t\t\t\t<div class=\"elementor-element elementor-element-f59e4fa elementor-widget elementor-widget-spacer\" data-id=\"f59e4fa\" data-element_type=\"widget\" data-widget_type=\"spacer.default\">\n\t\t\t\t<div class=\"elementor-widget-container\">\n\t\t\t\t\t<div class=\"elementor-spacer\">\n\t\t\t<div class=\"elementor-spacer-inner\"><\/div>\n\t\t<\/div>\n\t\t\t\t<\/div>\n\t\t\t\t<\/div>\n\t\t\t\t<div class=\"elementor-element elementor-element-472bcc5 elementor-widget elementor-widget-text-editor\" data-id=\"472bcc5\" data-element_type=\"widget\" data-widget_type=\"text-editor.default\">\n\t\t\t\t<div class=\"elementor-widget-container\">\n\t\t\t\t\t\t\t\t<h3 style=\"text-align: center;\"><strong>L\u1ed8 TR\u00ccNH<\/strong><\/h3>\t\t\t\t\t\t<\/div>\n\t\t\t\t<\/div>\n\t\t\t\t\t<\/div>\n\t\t<\/div>\n\t\t\t\t\t\t\t<\/div>\n\t\t<\/section>\n\t\t\t\t<section class=\"elementor-section elementor-top-section elementor-element elementor-element-c7ef548 elementor-section-boxed elementor-section-height-default elementor-section-height-default\" data-id=\"c7ef548\" data-element_type=\"section\">\n\t\t\t\t\t\t<div class=\"elementor-container elementor-column-gap-default\">\n\t\t\t\t\t<div class=\"elementor-column elementor-col-100 elementor-top-column elementor-element elementor-element-5cd5b7f\" data-id=\"5cd5b7f\" data-element_type=\"column\">\n\t\t\t<div class=\"elementor-widget-wrap elementor-element-populated\">\n\t\t\t\t\t\t\t\t<div class=\"elementor-element elementor-element-0892b72 elementor-widget elementor-widget-image\" data-id=\"0892b72\" data-element_type=\"widget\" data-widget_type=\"image.default\">\n\t\t\t\t<div class=\"elementor-widget-container\">\n\t\t\t\t\t\t\t\t\t\t\t\t\t\t\t<img width=\"750\" height=\"1023\" src=\"https:\/\/httt.uit.edu.vn\/aisc\/wp-content\/uploads\/2025\/09\/Artboard-1AISC-2025-YE-751x1024.png\" class=\"attachment-large size-large\" alt=\"\" loading=\"lazy\" srcset=\"https:\/\/httt.uit.edu.vn\/aisc\/wp-content\/uploads\/2025\/09\/Artboard-1AISC-2025-YE-751x1024.png 751w, https:\/\/httt.uit.edu.vn\/aisc\/wp-content\/uploads\/2025\/09\/Artboard-1AISC-2025-YE-220x300.png 220w, https:\/\/httt.uit.edu.vn\/aisc\/wp-content\/uploads\/2025\/09\/Artboard-1AISC-2025-YE-768x1047.png 768w, https:\/\/httt.uit.edu.vn\/aisc\/wp-content\/uploads\/2025\/09\/Artboard-1AISC-2025-YE-1126x1536.png 1126w, https:\/\/httt.uit.edu.vn\/aisc\/wp-content\/uploads\/2025\/09\/Artboard-1AISC-2025-YE-1502x2048.png 1502w\" sizes=\"(max-width: 750px) 100vw, 750px\" \/>\t\t\t\t\t\t\t\t\t\t\t\t\t\t\t<\/div>\n\t\t\t\t<\/div>\n\t\t\t\t\t<\/div>\n\t\t<\/div>\n\t\t\t\t\t\t\t<\/div>\n\t\t<\/section>\n\t\t\t\t\t\t<\/div>\n\t\t\t\t\t<\/div>\n\t\t","protected":false},"excerpt":{"rendered":"<p>D\u00c0NH CHO TH\u00cd SINH \u0110\u1ed0I T\u01af\u1ee2NG THAM GIA CU\u1ed8C THI Sinh vi\u00ean \u0111ang h\u1ecdc t\u1ea1i Tr\u01b0\u1eddng \u0110H C\u00f4ng ngh\u1ec7 Th\u00f4ng tin &#8211; \u0110HQG HCM.\u00a0 Sinh vi\u00ean thu\u1ed9c c\u00e1c ng\u00e0nh h\u1ecdc li\u00ean quan \u0111\u1ebfn H\u1ec7 th\u1ed1ng Th\u00f4ng tin, Th\u01b0\u01a1ng m\u1ea1i \u0111i\u1ec7n t\u1eed t\u1ea1i c\u00e1c tr\u01b0\u1eddng kh\u00e1c t\u1ea1i Tp. H\u1ed3 Ch\u00ed Minh. [&hellip;]<\/p>\n","protected":false},"author":3,"featured_media":0,"parent":0,"menu_order":0,"comment_status":"closed","ping_status":"closed","template":"page-templates\/template-pagebuilder-full-width.php","meta":{"_ti_tpc_template_sync":false,"_ti_tpc_template_id":""},"_links":{"self":[{"href":"https:\/\/httt.uit.edu.vn\/aisc\/wp-json\/wp\/v2\/pages\/267"}],"collection":[{"href":"https:\/\/httt.uit.edu.vn\/aisc\/wp-json\/wp\/v2\/pages"}],"about":[{"href":"https:\/\/httt.uit.edu.vn\/aisc\/wp-json\/wp\/v2\/types\/page"}],"author":[{"embeddable":true,"href":"https:\/\/httt.uit.edu.vn\/aisc\/wp-json\/wp\/v2\/users\/3"}],"replies":[{"embeddable":true,"href":"https:\/\/httt.uit.edu.vn\/aisc\/wp-json\/wp\/v2\/comments?post=267"}],"version-history":[{"count":66,"href":"https:\/\/httt.uit.edu.vn\/aisc\/wp-json\/wp\/v2\/pages\/267\/revisions"}],"predecessor-version":[{"id":1133,"href":"https:\/\/httt.uit.edu.vn\/aisc\/wp-json\/wp\/v2\/pages\/267\/revisions\/1133"}],"wp:attachment":[{"href":"https:\/\/httt.uit.edu.vn\/aisc\/wp-json\/wp\/v2\/media?parent=267"}],"curies":[{"name":"wp","href":"https:\/\/api.w.org\/{rel}","templated":true}]}}